hat is the units digit of l?
7
Let j(g) = 3*g - 1. Let i be j(-1). Let k = 9 + i. What is the units digit of k?
5
Let a(d) = -d**3 + 5*d**2 - 3*d - 5. What is the hundreds digit of a(-4)?
1
Suppose 5*o - 224 = 4*o. What is the tens digit of o?
2
Let n = 7 + 12. What is the units digit of n?
9
Let v = -28 - -42. Let a = -8 + v. What is the units digit of a?
6
Let d(u) = -u**2 + 6 - 4*u + u - 5*u. Suppose -2*y + 0 = 16. What is the units digit of d(y)?
6
Let f be (-16)/(-1 - 1) + 1. Let i be (-16)/(-9) + 2/f. Suppose -n = -i*n + 19. What is the units digit of n?
9
Suppose -2*b - 3*b = -10. Suppose b*y - 20 = -2*y. What is the units digit of y?
5
What is the units digit of (-12)/(-16) + (-98)/(-8)?
3
Let w = -80 - -170. Suppose -5*g + z + w = 0, z + 10 = 3*z. What is the units digit of (1 + -1 - -1)*g?
9
Suppose -i + 5*s + 10 = 0, -3*s = -0*i + i - 2. What is the units digit of i?
5
Suppose -9*z + 543 = -6*z. What is the hundreds digit of z?
1
Let h(p) = -p**2 + 31*p - 84. What is the tens digit of h(25)?
6
Let z = 67 - 40. Suppose -4*a + a + z = 0. What is the units digit of a?
9
Let d be (4 + 0)/(-4) + 3. What is the tens digit of (-15)/(-6)*(4 + d)?
1
Let w = 1 - -1. What is the units digit of w?
2
Suppose -p + 2*t - 10 = 0, -3*p + 4*t - 5 = 3*t. Suppose -q - 11 = -p*q. What is the units digit of (-7)/(-14) + q/(-2)?
6
Let j = -25 + 39. What is the tens digit of j?
1
Let i = 38 + 51. What is the tens digit of i?
8
Suppose -y - 5 - 7 = 0. Let b(k) = -k**3 - 11*k**2 + 12*k - 14. Let l be b(y). Let v = -3 - l. What is the tens digit of v?
1
Let s(v) = v**3 + 11*v**2 + 9*v - 7. Let a be s(-10). Suppose 2*o = -a*o + 145. What is the units digit of o?
9
Let s = -3 - -6. What is the units digit of 2/(-1) - (-63 + s)?
8
Let b(w) = -2*w**3 - 5*w**2 - 7*w - 26. What is the hundreds digit of b(-5)?
1
What is the units digit of (-10)/4*(-64)/40?
4
Let s be 1 - 2 - 1*-3. Suppose -60 = s*v - 7*v. What is the units digit of v?
2
Let p = 13 + -7. Let i be (0 - -2)/(2/p). What is the units digit of (0 + i)/(-3) - -8?
6
Suppose 3*v - 5*u = -18, -2*v + 0*v + 3*u - 11 = 0. Let o(p) = -8*p. What is the units digit of o(v)?
8
Suppose -3*n - 35 = 19. Suppose -5 = -f + 2*v, 2*v - 4*v = 5*f + 35. Let x = f - n. What is the tens digit of x?
1
Suppose 3*j + j = 24. Let i = 1 + j. What is the units digit of i?
7
Suppose 17*r = 21*r - 60. What is the units digit of r?
5
Let l be (-2)/6 - 150/9. Let z be (-172)/16 + 3/4. Let i = z - l. What is the units digit of i?
7
Let r(g) = g**3 + 11*g**2 - 13*g - 12. Let q be r(-12). What is the units digit of q/(-4) + 2 + 28?
0
Let y(m) = -8*m + 4. Let j be y(-4). Suppose 0 = 3*l + 3*w - j, -5*w = l - 5*l + 93. What is the units digit of l?
7
Suppose -9 = -4*v - o, o + 11 = 4*v + 4*o. Suppose 3 = -v*k + 3*k. What is the units digit of k?
3
Let d(t) = 3*t**2 - 6*t - 1. Suppose 0 = -0*l + 4*l - 20. Let q be d(l). Suppose 4*r + r = -4*x + 28, -4*x = -4*r + q. What is the units digit of r?
8
Let s(i) = 3*i - 1. Let p be s(1). Let n be p*(18/(-4) - -2). What is the units digit of (0 - -15)*(-3)/n?
9
Suppose 4*h - 3*h - 6 = 0. Let d = 11 - h. What is the units digit of d?
5
Let w(a) = 31*a**2 + 2*a - 1. What is the units digit of w(1)?
2
Let y be (-24)/(-9) + 4/(-6). Suppose -3*r - y*s + 8 = -11, -16 = -4*r - 5*s. What is the units digit of r?
9
Suppose u - 2*o - 7 = 0, 3*o = -2*u + 2*o + 9. Suppose 0*y - 19 = -h - y, 5*h - u*y = 75. What is the units digit of h?
7
Suppose -l = 2*l - 12. Suppose l*z - 43 = -11. What is the units digit of z?
8
Suppose -5*d - 2*p + 389 = -722, -5*d - 4*p = -1117. What is the units digit of d?
1
Let q(h) = -h**3 - 2*h**2 + 5*h - 1. Suppose -5*v - 17 = -2. Let k be v + (-2 + 5)/(-3). What is the tens digit of q(k)?
1
Let w(z) = 2*z**2 + 2*z - 6. What is the tens digit of w(4)?
3
Suppose v = 3*y - v - 3, 2*y + 14 = -4*v. Let k(u) be the second derivative of u**4/4 - u**3/6 - u**2/2 - 3*u. What is the units digit of k(y)?
3
Let z(p) = p**2 + 9*p + 13. Let l = -18 + 9. What is the tens digit of z(l)?
1
Suppose 2*h = y + 143, -6*h + 4*h + 3*y = -153. Suppose -4*i = -2*o + 40, -5*o - 14 + h = 5*i. What is the tens digit of o?
1
Let t(p) = 2*p**2 - 3*p + 1. Let d be t(-3). Let x = 12 + -17. What is the tens digit of (d/5)/((-2)/x)?
1
Suppose 3*w = 7*w - 20. Suppose 0 = 5*p - 0*p - 195. Suppose w*v = 2*v + p. What is the units digit of v?
3
Suppose 0*u = g + 5*u - 31, -2*g = -5*u + 13. What is the units digit of g?
6
Let u = 87 + -60. What is the tens digit of u?
2
Let q = -4 + 12. What is the units digit of q?
8
Suppose 0 = 13*i - 17*i - 48. Let h = -6 - i. What is the units digit of h?
6
Suppose 7*v = v + 96. What is the tens digit of v?
1
Let f = -619 - -890. What is the tens digit of f?
7
Let s be -3 + 27/3 + -3. Suppose 4*q = 3*b - 4, 0*q = -s*b - 4*q + 20. What is the units digit of b?
4
What is the tens digit of 1654/7 + 8/(-28)?
3
Let s be -2 + 0/(4/2). Let i be 6/s*1*-1. Suppose 1 = i*f - 2*f. What is the units digit of f?
1
Let y(g) = g**2 + 5*g + 8. What is the units digit of y(-12)?
2
Let a = -3 - -5. What is the tens digit of (-2*a)/((-8)/36)?
1
Suppose -40 = -n - 0*n. Let i = -25 + n. Let s = i - 7. What is the units digit of s?
8
Let b = 172 - 89. What is the tens digit of b?
8
Let k = 10 - 7. Suppose k*d - 8 - 49 = 0. What is the tens digit of d?
1
Let s(n) = n**2 + n - 1. Let c(y) = -6*y**2 - 11*y + 4. Let t(q) = c(q) + 5*s(q). Let o be t(-5). Let r = 2 + o. What is the units digit of r?
6
Suppose k = 5*k + 28. Let y(o) = -1 + 0*o**2 + 4*o**2 + 6*o - 3*o**2. What is the units digit of y(k)?
6
Suppose -s - 2*t - 3*t - 200 = 0, 5*s + 1092 = -2*t. What is the tens digit of ((-4)/(-5))/((-8)/s)?
2
Suppose 0 = 2*i - 5*z + 4, 2*i + 5*z - 16 = 0. Suppose i*w + 18 = -4*r - 51, -107 = 5*w + 4*r. Let k = w - -33. What is the tens digit of k?
1
Let h = 12 + -9. What is the tens digit of 0 - h - -4 - -21?
2
Let m(y) = -2*y**2 - 4*y - 1. Let h(a) = -a - 1. Let n(s) = -h(s) - m(s). Let p be n(-8). What is the units digit of p/12 - 1/(-2)?
8
Suppose -5*p + 110 = -70. What is the units digit of p/(-60) + 36/10?
3
Suppose 3*g - 6 - 13 = h, 5*g - 29 = -h. Let d be ((-4)/(-6))/(g/27). What is the units digit of d + (-2 - -13) + 2?
6
Suppose h + 4*h = 10. Suppose -3*f + 5*f = 6. Suppose -h*b = -4*g - f*b + 5, 3*b + 2 = 5*g. What is the units digit of g?
1
Let f be (-2 + 1)*(0 - 0). Suppose -3*n = -a, -3*a + n + 7 = -n. Suppose -5*c - j + 9 = f, a*j - 6*j - 3 = 0. What is the units digit of c?
2
Suppose 16 + 2 = s. Suppose -2*w + w = -8. Let k = s - w. What is the tens digit of k?
1
Suppose 3*u + 0*d - 108 = -2*d, -4*d - 126 = -3*u. Suppose 0 = -4*k + 20, -2*m + 47 = -k - u. What is the tens digit of m?
4
Let b be -3 + 5 - 0/2. Suppose b*q - 1 = q. What is the units digit of q?
1
Let n = 8 - 13. Let d(t) = t + 3. Let c be d(n). What is the units digit of 3 + -1 - (-4 - c)?
4
Let v(s) be the first derivative of 6*s**3 - 2. What is the tens digit of v(1)?
1
What is the hundreds digit of (3/(-9))/1 + (-1625)/(-15)?
1
Let w = -17 - -25. Suppose -16 = -2*x + 18. Let u = x - w. What is the units digit of u?
9
Let f(h) = -h - 1. Let w be f(-1). Suppose w = b - 0*b - 14. What is the units digit of b?
4
Let a be (-6)/15 - 84/(-10). Suppose 0 = b - a - 1. What is the units digit of b?
9
Let y(j) = 37*j - 1. Let m be y(1). Let a = -15 + 18. Suppose -z = 5*q - m, -a*q + 23 - 1 = z. What is the units digit of q?
7
Let m be (2 - 3) + (-1 - -6). Suppose -m*k + 6 + 2 = 0, 0 = -h + 3*k. What is the units digit of h?
6
Suppose -4*t = -4*y, 2*t + 15 = 7*t. Suppose 3*z = -0*h + h - 28, -y*z = 2*h + 16. What is the units digit of (-2)/(z/(-6) + -2)?
3
Let p(y) = -3*y - 7. Let a be p(-5). Let c = 5 - a. Let b(x) = 3*x**2 + 4*x - 1. What is the tens digit of b(c)?
1
Suppose -216 = -3*g - g. What is the units digit of g?
4
Suppose 360 = 5*n + 2*i - i, -3*n - 5*i + 238 = 0. Let o = n - 46. Suppose 5*u = -k + 15, 2*k = 5*k + 5*u - o. What is the units digit of k?
5
Let d = -8 - -13. Suppose y + 4*n - 34 = 0, -y - d*n + 56 = y. Suppose 4*x - 34 = 3*k, 6*k = -x + 2*k + y. What is the units digit of x?
0
Let a be (-4)/(-8) - 6/4. What is the units digit of (-3)/((-3)/a) - -9?
8
Let w = -172 + 350. What is the units digit of w?
8
Let h = 25 - -3